**3 + 6*v**2 - 8*v + 2. Let j be r(-7). Let t = j + 4. What is the tens digit of t?
1
Suppose 2*u - h = 110, 3*h = -5*u + 2*h + 289. What is the tens digit of u?
5
Let q(g) = -20*g + 1. Suppose 0 = -4*c - 3*n - 1, -2*c + c + 2*n = 3. What is the units digit of q(c)?
1
Let r(f) = f**2 + f - 1. Let s be r(0). Let y(v) = -19*v - 1. What is the units digit of y(s)?
8
Let n(m) = -m - 6. Let s be n(-4). Let i be (25/s)/(1/2). What is the units digit of (-2)/(-5) - 140/i?
6
Suppose 4 = -a + 5. Suppose -r + 9 + a = 0. What is the tens digit of r?
1
Let p = -8 + 8. Let q = p + 16. What is the tens digit of q?
1
Suppose 0 = -3*j + 3*w + 15, -w + 7 = -j - 6*w. Let q = 4 - j. What is the units digit of q?
1
Let h(w) = w**3 + 7*w**2 - 7*w + 1. Let i be h(-8). Let x = 10 + i. What is the units digit of x?
3
Suppose 4*q - 29 = -93. Let a = -12 - q. What is the units digit of a?
4
Suppose -4*z = -2 - 6. Suppose b - 18 = -2*a, 26 = -z*b + 4*b + 2*a. Let r = b - -13. What is the units digit of r?
1
Let p(d) = -d - 2. Let n be p(4). What is the units digit of 3/(-2) - 69/n?
0
Let n(v) = -2*v + 1. What is the units digit of n(-3)?
7
Let i = 1 + -11. Let k = i - -16. What is the units digit of ((-21)/(-14))/(k/32)?
8
Let l = -52 + 95. What is the units digit of l?
3
Let h(w) = w**3 - 10*w**2 + 9*w + 2. Let z be h(9). Suppose 0*l + 6 = 2*k + 3*l, z*l = -2*k + 8. What is the units digit of k?
6
Suppose -3*j - 4 = -3*m - 7, -5*j + m + 9 = 0. Suppose -2 = -j*z + 2. What is the units digit of z?
2
What is the tens digit of (-3427)/46*(-1 + (-1 - 0))?
4
Let q be 3/(-5) + (-90)/(-25). Suppose q*m - 2*i = i + 12, 0 = -4*m - 3*i + 30. Suppose -40 = k - m*k. What is the units digit of k?
8
Let h = 8 - 2. Suppose -2*r - 100 = -h*r. Suppose -2*j + r = 3*j. What is the units digit of j?
5
Let y(i) = i**2 - 17*i - 13. What is the units digit of y(-6)?
5
Suppose k - 13 = -15. What is the units digit of 1*k*(-15)/6?
5
Suppose 0 = 4*v - 4*y + 13 - 89, 0 = -2*v + 4*y + 28. What is the tens digit of (28/(-12))/((-2)/v)?
2
Suppose -3*w + 1 = -8. What is the units digit of w?
3
Let w(g) = 6*g**2 + g - 1. Let f be w(1). Suppose -f*j + 50 = -j. What is the units digit of j?
0
Suppose -4*k + 4*u = -120, 4*u = 2*k + k - 95. Suppose -x = 4*x - k. What is the units digit of x?
5
Suppose -2*u + 2*c + 8 = -56, 34 = 2*u + 4*c. What is the tens digit of u?
2
Suppose c = -b - 6, 5*c = c. What is the tens digit of 72/16*(-16)/b?
1
Let a = 1 + 2. Let v(g) = -g**3 + 4*g**2 + g - 4. What is the units digit of v(a)?
8
Let w(j) = 9*j - 3. Let o(t) = -5*t + 1. Let n(u) = 11*o(u) + 6*w(u). Let z(p) = -p - 4. Let l(q) = -3*n(q) + 5*z(q). What is the units digit of l(-1)?
3
Let i(y) = -7*y + 1. Let b be 1/3 - 4/3. What is the units digit of i(b)?
8
Let h(x) = -2*x**3 - 8*x**2 - 10. Let r(v) = v**3. Let l(c) = -h(c) - r(c). What is the units digit of l(-8)?
0
Let y(a) = -a**3 + 5*a**2 - 2*a - 1. Let j = 0 + 5. Let g = 9 - j. What is the units digit of y(g)?
7
Suppose -15 + 5 = -5*j. Suppose -5*c - y + 29 = 0, -j*y + 13 = 4*c - 9. What is the units digit of 3/c*(-20)/(-1)?
0
Let m(i) = -5*i. Let v(k) = -3*k. Let z(t) = -6*m(t) + 11*v(t). Let s be z(-3). Let b = s - -14. What is the tens digit of b?
2
Suppose z - 252 = -j - 68, -3*j + 554 = z. What is the tens digit of j?
8
Suppose 73 = 3*z + 5*b, 4*z + b = 64 + 5. Suppose -q - 3 = -z. What is the tens digit of q?
1
Let l(x) = -15*x + 8. Let n be l(-7). Suppose -2*f + 82 = 3*j, 0 = -3*f - j - j + n. Let u = f + -25. What is the units digit of u?
0
Suppose 3 = 2*n - 5. Suppose n*s = 5*l - 65, 4*s - s - 32 = -l. What is the units digit of l?
7
Suppose 14*x - 19*x = -790. What is the hundreds digit of x?
1
Suppose 0 = 5*a - 3*u + 136, -32 = a - 5*u + 2*u. What is the units digit of (a/3)/((-8)/12)?
3
Let f(b) = -b**3 + 6*b**2 + 2. Let p be ((-1)/(-3))/(3/27). Suppose -2*k + 30 = p*k. What is the units digit of f(k)?
2
What is the hundreds digit of (-5)/15 - (3376/(-12) - -2)?
2
Let y = -1 - -3. Suppose 3*n - 7*n + 2 = 3*h, 0 = y*n + 2. Suppose -h = p - 4*u, 5*u = 4*p - 4 + 1. What is the units digit of p?
2
What is the units digit of ((-4)/24*2)/(-1)*231?
7
Let y = 0 + 7. Let d(i) = i**3 - 8*i**2 + 10*i - 5. What is the units digit of d(y)?
6
Suppose -3*a = 2*r - 13, 0*a - 3*a = 4*r - 23. What is the units digit of a*(-3)/2*-6?
9
Let b(s) = s**3 + 7*s**2 + 6*s + 1. Suppose 5*f = x + 4*x + 20, 3*x + 5*f + 20 = 0. What is the units digit of b(x)?
1
Let w(q) = q**2 - 13*q - 1. Let f(y) = -y**2 + 14*y + 1. Let s(j) = 3*f(j) + 2*w(j). What is the units digit of s(14)?
9
Let a be 12 - 0/(0 - 1). Suppose -6 = -3*l, 2*l = -2*j + l + a. Suppose 0*g - j*g + 5 = 0. What is the units digit of g?
1
Suppose 753 + 807 = 12*b. What is the units digit of b?
0
Let i(z) be the first derivative of z**3/3 - 3*z**2 - 12*z - 3. What is the units digit of i(10)?
8
Let x = 1 + 1. What is the tens digit of 17 + (x - (-3)/(-3))?
1
Suppose 2*v + 4*l - 24 = 0, 3*v + 3*l = 4*l + 15. Let x = v + -5. What is the units digit of x?
1
Let i(n) = -n + 1. What is the units digit of i(-5)?
6
Suppose -208 = -5*u - 48. Suppose u = -2*h + 4*h. What is the tens digit of h?
1
Let g(u) = -u**2 + 0*u**2 + 9 + 9*u + 12 + 9*u. What is the units digit of g(17)?
8
Suppose -4*o + 5*l - 82 = -309, -2*o = -l - 109. What is the tens digit of o?
5
Let u(x) = -x + 2. Let i be u(-4). Let y = i + 0. Let v = 21 - y. What is the tens digit of v?
1
Let o(u) be the third derivative of -u**6/24 + u**5/60 - u**3/6 - 3*u**2. What is the units digit of o(-1)?
5
Suppose 0 = -7*n + 3*n + 36. Suppose n - 29 = -2*p. What is the units digit of p?
0
Let v(s) = -s - 1. Suppose 0 = -4*w - w - 5. Let y be v(w). Suppose 3*a + 4*x - x - 6 = y, 0 = -a - 3*x + 2. What is the units digit of a?
2
Let l(t) = 2*t**2 - t + 1. What is the tens digit of l(-2)?
1
Suppose 6*o = o + 15. Let s(k) = -k**3 + 2*k**2 + 3*k + 4. Let t be s(o). Suppose -5*c = 4*a - 35, 0 = t*c + 4*a - 6*a - 2. What is the units digit of c?
3
Let z(w) be the second derivative of -w**3/6 - w**2 - w. Let f be z(4). What is the units digit of -1*(f/2 + 0)?
3
Let f = -3 - -3. Let x = 5 - f. Suppose -5*i - x + 35 = 0. What is the units digit of i?
6
Let f(p) = 4*p**2 - 2*p + 1. Let k be f(3). Let v = -22 + k. What is the units digit of v?
9
Suppose -5*f - a + 199 = 0, -f - f - 4*a + 76 = 0. Suppose 0 = 3*s - 5*s - g - f, 4*g - 8 = 0. Let v = -12 - s. What is the units digit of v?
9
Let p be ((-4)/10)/(5/(-25)). What is the units digit of 11*1*2/p?
1
Let t be -2 - (-3 - 0) - -3. Suppose 5*g - 9 = 3*k + 2*g, 3*k = t*g - 13. What is the units digit of k?
1
What is the units digit of 2/(-11) - (0 + 2688/(-22))?
2
Let w be 5 - (-7 + 1)/(-3). Suppose i = m - w, m + 5*i = -0*i + 27. What is the units digit of m?
7
Let w(i) = 4*i**2 + 1. Let b be w(1). What is the tens digit of (-12 - b)/((-1)/2)?
3
Let t = 89 + -44. What is the tens digit of t?
4
Let y = -13 - -18. Let n be -2 - (-1 + 0)*2. What is the units digit of -2 + (y - n) - 1?
2
Let q be ((-3)/(-5))/((-2)/(-20)). Let f(b) = b**3 - 5*b**2 + 2. What is the tens digit of f(q)?
3
Suppose 8*c = 7*c - 5. Let t(q) = -4*q + 1. What is the tens digit of t(c)?
2
Suppose -4*b + s = -32, -3*s = -b - 8*s + 29. Suppose b - 2 = l. What is the units digit of l?
7
Let m(d) = 2*d**3 - d**2 + 1. Let k be m(1). Suppose 0*q - 4*q = 0. Suppose 0 = 3*w + 3*o - 12 - 6, q = -k*w - 4*o + 10. What is the units digit of w?
7
Let q = 101 - 61. What is the units digit of (8 - q)*(0 + -1)?
2
Let r(p) = -p**3 - 8*p**2 - 2*p - 12. Suppose 0 = 2*k + 5*x + 2, 0 = 4*k - 3*x - 2*x + 4. Let y = k - 7. What is the units digit of r(y)?
4
Let l be 2 + (-2 - (-1 + -1)). Let h = l + 4. Suppose -4*o + 18 = 2*u, 3*o + 3 + h = 3*u. What is the units digit of u?
5
Suppose 0*x = -2*x + 54. Suppose 4*r = -5*p + x, 2*p + 0*p + 49 = 3*r. What is the tens digit of r?
1
Suppose -w - f - 4 = -28, 39 = 2*w + 5*f. What is the units digit of w?
7
Let r(h) = -h**3 + 4*h**2 - 2*h + 2. Let y be r(3). Suppose 2*u + 5*k + 10 = -u, -y*u + 30 = -k. What is the units digit of u?
5
Let d(l) = -l + 2. Let h be d(0). Suppose -h = -5*c - 77. Let m = c + 23. What is the units digit of m?
8
Let n = 16 - 16. What is the tens digit of -30*1/(-2) + n?
1
Suppose -5*z - 40 = p - 6*p, -2*z = p + 